 when 17 is divided by s?
6
What is the remainder when 19456/112 + (-2)/(-7) is divided by 44?
42
Let p(r) = r**2 - r - 2. Let k be p(0). Suppose 0 = a - 4*m - 10, -3*m - 2 + 5 = 0. What is the remainder when -1*1/k*80 is divided by a?
12
Suppose -376 = -5*w + w. Suppose -4*z - 2*f + 14 = -w, 2*f - 24 = -z. Suppose k - 5*k = -z. What is the remainder when k is divided by 4?
3
Let a(r) = r**2 - 13*r - 3. Suppose 3*z - 48 - 45 = 0. What is the remainder when z is divided by a(14)?
9
Let t(h) be the third derivative of -h**5/60 + h**4/2 - 5*h**3/6 - 4*h**2. Calculate the remainder when t(5) is divided by 11.
8
Let j be 64/(-28) + 2/7. What is the remainder when 10 is divided by (1/j)/((-2)/24)?
4
Suppose 4*t = -183 + 63. What is the remainder when (324/t)/(6/(-20)) is divided by 13?
10
Let m = -15 - -22. Suppose 4*p - 3*p = 25. What is the remainder when p is divided by m?
4
Calculate the remainder when 7/(35/8)*(-75)/(-10) is divided by 5.
2
Suppose 24 = -0*i + 3*i. What is the remainder when 13 is divided by i?
5
Let w(r) = -r**3 + 7*r**2 - 4*r. Let c be (3/(-6))/((-4)/56). Let q(y) = y**3 - 7*y**2 + 3*y + 1. Calculate the remainder when q(c) is divided by w(6).
10
Suppose 4*k - 40 + 0 = 0. What is the remainder when 29 is divided by k?
9
Suppose 2*b - 3*b + 14 = a, 0 = 2*a + 3*b - 26. Let t = a + -8. What is the remainder when 23 is divided by t?
7
Suppose 0 = 4*u - 33 - 7. What is the remainder when u is divided by 6?
4
Suppose i - 120 = -36. Calculate the remainder when i is divided by 23.
15
Let q(p) = -p + 7. Let i be q(4). Suppose 2*k = -c - 1, 7 = -3*k - i*c + 1. Let z = 13 - k. What is the remainder when 22 is divided by z?
10
Let d be (-10)/3 - (-2)/6. Suppose -u + a = -0*a + 5, -3*u - 3*a = 39. Let q = d - u. What is the remainder when 15 is divided by q?
3
Suppose -2*m = -5*p + 44 + 1, -p - 5*m = 18. What is the remainder when 8 is divided by p?
1
Suppose o + 32 = 3*w - 21, o = w - 21. What is the remainder when 2 - (-2)/(6/183) is divided by w?
15
Let l(p) = 2*p**2 + 5*p + 2. Let h(z) = 38*z**2 - z. Let d be h(-1). Let x = 79 - d. What is the remainder when x is divided by l(-4)?
12
Calculate the remainder when (3/2 - -1)*(-3816)/(-90) is divided by 27.
25
Suppose -5*v + 3*b = -34, b - 4 = -b. Suppose 4*p = v*p - 24. Suppose 5*s - 88 = a - 3*a, -a = -s + 12. Calculate the remainder when s is divided by p.
4
Suppose -2*a = -4*a + 8. Calculate the remainder when 19 is divided by (a/((-8)/(-14)))/1.
5
Calculate the remainder when 25 is divided by (-328)/(-48) - 1/(-6).
4
Suppose -5*q + 0*q = -40. Suppose -5*d + d + q = 0, -5*d = -o - 2. What is the remainder when 29 is divided by o?
5
Let j = 11 - 7. Suppose -j*y = -y. Suppose 0 = -u - y*u + 10. What is the remainder when u is divided by 6?
4
Let j = 92 + -46. Calculate the remainder when j is divided by 16.
14
Let h(c) = c**3 + 7*c**2 + 6*c + 9. Calculate the remainder when 17 is divided by h(-6).
8
Let q be 1*8 - (-2 + 2). Calculate the remainder when 37 is divided by q/(-12) + (-82)/(-6).
11
Suppose -s = -2*s + 7. Suppose 5*a = 3*d - 34, 0*a = d + a - 14. What is the remainder when d is divided by s?
6
Suppose -119 + 68 = -3*z. Suppose -3*x + 5*x - 59 = g, 5*g = -3*x + 108. Calculate the remainder when x is divided by z.
14
Suppose -5*x + 0*x = -25. Calculate the remainder when 33 is divided by (2 - x) + 22 - 2.
16
Let t(c) = -9*c - 14. Calculate the remainder when t(-3) is divided by 2.
1
Let t = -33 - -88. Calculate the remainder when t is divided by 20.
15
Let n = -54 - -79. What is the remainder when n is divided by 3?
1
Suppose -4*f + 8 = 0, -3*c + c = 4*f - 18. What is the remainder when 16 is divided by c?
1
Let n(b) = -24*b + 1. Calculate the remainder when 48 is divided by n(-1).
23
Let m(x) = x + 11. Let g be m(-9). Suppose -4*r + 37 = -g*r + 5*k, -11 = -r - k. Calculate the remainder when 21*(20/r - 1) is divided by 13.
10
Let l = -17 - -49. Suppose 4*h - 5*s - 1029 + 372 = 0, 0 = 4*h + 2*s - 622. What is the remainder when l is divided by h/14 - (-12)/(-42)?
10
Suppose 0 = s + 2*j + 3 + 4, -4*s + j + 17 = 0. Suppose 0*m = -s*m + 6. Suppose 0 = -m*z + 33 - 1. Calculate the remainder when z is divided by 9.
7
Suppose -300 = 106*b - 111*b. What is the remainder when b is divided by 7?
4
Let p(h) be the second derivative of h**3/3 - 2*h**2 - 2*h. Calculate the remainder when p(3) is divided by ((-6)/4)/(3/(-4)).
0
Suppose 3*c + p = -3*p + 25, 5*c + p = 36. Let q = c + -5. Suppose -3*b - l = l - 11, q*l - 1 = -b. What is the remainder when b is divided by 3?
2
Suppose -42 + 0 = -6*w. What is the remainder when 23 is divided by w?
2
Let t = 370 - 131. What is the remainder when t is divided by 60?
59
Let j = -110 - -117. Calculate the remainder when 58/3 - (-1)/(-3) is divided by j.
5
Let q be 2/(-4) - 18/(-4). Suppose -q*k + k + 48 = 0. Calculate the remainder when k is divided by 6.
4
Suppose 0*j = -4*j + 20. Suppose a - n - 2 = 0, a - j*n = 3 - 17. What is the remainder when 11 is divided by a?
5
Suppose 2*f + 2*f = -s - 18, 5*s + 4*f + 10 = 0. What is the remainder when s is divided by (1/((-15)/(-6)))/((-2)/(-10))?
0
Suppose -3*h + 2*v + 5 = 0, -3*h + 2*v + 10 = h. Calculate the remainder when 13 is divided by h.
3
What is the remainder when 256 is divided by 5 + (33 - (-6 - -1))?
41
Suppose -5*m - 60 = -10*m. Calculate the remainder when 118 is divided by m.
10
What is the remainder when 76 is divided by (-1 + -1)/(34/(-221))?
11
Let n = 16 + -9. Suppose 3*q - 3 = x - 0*q, -x - 2*q + n = 0. What is the remainder when 8 is divided by x?
2
Let m = -5 + 10. Let x = 23 + -16. Calculate the remainder when x is divided by m.
2
Let h = -1 + 5. Suppose -d + 2*d + 61 = 5*w, h*w - 60 = -2*d. Let z(q) = q**3 - 6*q**2 + 6*q + 2. What is the remainder when w is divided by z(5)?
6
What is the remainder when 68 is divided by 82/8 + 5/(-60)*3?
8
Suppose -c = z - 43, -100 = -5*z + c + 85. What is the remainder when z is divided by 20?
18
Let v = -66 - -68. Suppose 0 = -4*w - w. Let n = w - -1. What is the remainder when v is divided by n?
0
Suppose -3*l + 66 = 3*q + 12, 0 = -3*l + 15. What is the remainder when 60 is divided by q?
8
Suppose -3*m = -2*m - 2. What is the remainder when 23 is divided by ((-26)/6)/(m/(-6))?
10
Suppose -t = 1, -4*h = 2*t - 6*t + 4. Calculate the remainder when 12 is divided by 5 + h + (0 - -4).
5
Suppose -5*z - 2*a - 562 = 0, 0*z = z - 4*a + 130. Suppose b = -2*b + 66. What is the remainder when b is divided by z/(-9) + 6/(-9)?
10
Suppose -4 = 2*t - 146. Suppose 0*o - t = -o. Let d = -47 + o. What is the remainder when d is divided by 13?
11
Let h(y) = -y**2 + 1 + 1 + 3*y**2 - 4*y - 3*y**3 + 6*y**3. Calculate the remainder when 51 is divided by h(2).
25
What is the remainder when (-2)/(-5) - (-738)/30 is divided by 7?
4
Let i = -1 + 9. What is the remainder when 37 is divided by i?
5
Let a = 14 - 8. What is the remainder when a is divided by 4 - 2*4/(-8)?
1
Let q = -14 + 29. Let t = 7 - 1. Calculate the remainder when q is divided by t.
3
Let v = -25 - -71. What is the remainder when v is divided by 17?
12
Let l(k) = -11*k**2 + 18*k + 5. Let r(h) = -7*h**2 + 12*h + 3. Let u(x) = 5*l(x) - 8*r(x). Calculate the remainder when u(7) is divided by ((-3)/9)/((-2)/18).
2
Suppose 3 = -4*o + 15. Suppose -b = -p + 3, -o*p = 2*p - b - 35. Calculate the remainder when 21 is divided by p.
5
Suppose -3*l = -15 - 33. Calculate the remainder when 30 is divided by l.
14
Let v(z) = z + 8. Let g be v(-6). Suppose -6 = -g*s + 6. What is the remainder when s is divided by 4?
2
Let l = 9 + -13. Calculate the remainder when 16 is divided by (-12)/((-4)/(-2) + l).
4
Let f be 11 - (-1 - (-6)/3). Calculate the remainder when 12/f*(14 + 1) is divided by 10.
8
Suppose -s = 2*z - 5*s + 12, 3*s = -4*z + 31. Suppose -21 = -z*v - 9. Calculate the remainder when 11 is divided by v.
2
Suppose 15*d - 18*d = -60. Calculate the remainder when (-2)/(-7) - (-542)/14 is divided by d.
19
Let t(o) = -2*o**3 - 15*o**2 + 18*o + 3. Calculate the remainder when t(-10) is divided by 18.
17
Suppose -3*j + 0*j = -2*b - 2, -2 = 2*b. Suppose j = t - 0*t + 5, 4*q - 39 = 3*t. Calculate the remainder when q is divided by 3.
0
Let v be 4*2/(-8)*-14. Suppose 4*j - v - 10 = 0. Suppose -3*i = -0*i - j. Calculat